- 18. Let z = o - -8. Suppose z*v - 652 = 2*v. Is v composite?
False
Is (5/2)/(2*(-4)/(-5968)) a composite number?
True
Suppose 0 = -h + 66*h - 3930095. Is h a composite number?
True
Suppose -2*z - 2*o = -9690, 3*o = -5*z + 2*o + 24209. Is z a composite number?
True
Is (-1)/(6 + 3576815/(-596135)) prime?
True
Is (-414760)/(-660)*11*(-6)/(-4) prime?
True
Suppose m + 8 = 3*m. Suppose 1 + 5 = 3*a, 0 = -5*j + m*a + 2397. Is j prime?
False
Is 34/18 - 2 - 364480/(-144) a prime number?
True
Suppose 6 - 34 = 2*x. Let d be x/(-10) + (-44)/110. Let w(h) = 211*h**2 + h + 1. Is w(d) a composite number?
True
Let i = 256 - 314. Let m(z) = 105*z. Let d be m(-1). Let s = i - d. Is s a prime number?
True
Is 7866750/330 + 8/22 prime?
False
Suppose 0 = -3*u + 10439 - 1451. Suppose -i + 0*y + 749 = 5*y, -4*i + u = 3*y. Is i a prime number?
False
Let i = 1429 + -569. Let q = -552 + i. Suppose -2*l + q = 2*l. Is l a composite number?
True
Suppose 5*i = 2*i. Let n be (1 - 9/6)*i. Suppose n = -3*r - 4*a + 125 + 24, -20 = 5*a. Is r composite?
True
Let o(p) = 102*p - 43. Let h be o(-15). Let n = 3522 + h. Is n a prime number?
True
Suppose -33*h + 37*h - 48 = 0. Suppose h*r - 8*r = 5444. Is r a prime number?
True
Let r(j) = 9*j**3 - 28*j**2 + 15*j - 75. Is r(13) a composite number?
False
Suppose -5*s - 100 = -3*v, -5*v = -s - 34 - 96. Let l = -12 + v. Suppose -10*g + l*g = 2157. Is g prime?
True
Suppose 4*u = 13*u - 99. Let f be -8 + u - -1*3. Is (f/4)/((-27)/(-4626)) a composite number?
False
Let n be (-2)/5 + (-6840)/25. Let t be (-11532)/(-30) + 3/5. Let i = t + n. Is i a composite number?
True
Let d(l) = -6*l + 0*l**2 + 4*l**2 + 17 + 18*l - 10. Is d(13) composite?
False
Let u = 44883 + -28592. Is u a prime number?
False
Let q be -2 + 2 + 0 - 0. Let b be 4 + (q/1)/(-1). Suppose -b*g + 185 = g. Is g composite?
False
Suppose -y + d - 6*d = 28, 3*y = 5*d + 16. Is (y + -2 + -5)/((-2)/863) a composite number?
True
Is -7737*(1/(-12) - 10/40) prime?
True
Let b(f) = -139*f**2 + 151 - 2*f + 140*f**2 + 84 - f**3. Let z(j) = j - 2. Let c be z(2). Is b(c) composite?
True
Let o(y) = y + 1. Let v be -3*(120/9)/4. Let d be o(v). Let k = d + 364. Is k composite?
True
Is 4*((-7178)/(-8) - 7) prime?
False
Is 7554 - (10/2)/10*-10 prime?
True
Let v be 0 + 46440/(-3) + -2. Let m = -3971 - v. Is m/36 - (-6)/(-8) a composite number?
True
Let k(r) = 1283*r - 562. Is k(7) composite?
False
Suppose 3*p - 4*p + 6 = 0. Let o be -9*p/(-1 - 2). Let k = o - -1. Is k composite?
False
Suppose 11*n = 9*n + 4*c + 9078, -n - 3*c = -4514. Is n prime?
False
Let h = -74 + 76. Suppose h*l + 9*l = 23815. Is l a composite number?
True
Suppose 16*r = -r + 35683. Is r composite?
False
Let z = 3886 - 1285. Let k = 1368 - z. Let c = -854 - k. Is c prime?
True
Is 2764 + 6 + (6 - 17) a composite number?
True
Let x = -1 - -13. Is (-93)/x*2*-2 a composite number?
False
Suppose 315063 + 1456263 = 18*j. Is j prime?
True
Suppose -5*z = 4*z - 54162. Is (-25)/15 + z/9 a prime number?
False
Let v be (107/(-3))/((2 + 1)/(-54)). Suppose v + 540 = 2*k. Is k a composite number?
True
Suppose -47*h + 10558 = -6597. Is h composite?
True
Let y(l) = 13*l**2 + 12*l - 14. Let m be y(-10). Suppose 4*x + m = 6*x. Is x composite?
True
Let a be 176/(-28) - 4/(-28)*2. Is (-2)/9*-3 - 6290/a a composite number?
False
Let a(y) be the first derivative of -49*y**2/2 + 14*y - 20. Is a(-5) prime?
False
Suppose 0 = -4*a - u + 7, 29 = 2*a - 5*u - 2. Let s(h) be the first derivative of 53*h**2/2 + 2*h + 5. Is s(a) composite?
True
Let y(s) = s + 47. Suppose 0 = -3*m + m. Is y(m) prime?
True
Let n be (490/56)/((-1)/(-260)). Suppose n - 73 = 3*p. Is p prime?
False
Suppose 5*b + 102 = -3*v + 439, -5*v + 549 = 2*b. Is v prime?
True
Suppose 3*q + x = -0*q + 3, -4*q + 4 = -2*x. Let u be 0/6 - (2 - q). Is 121 - 1*(u - -1) prime?
False
Let y = -420 - -592. Let s = 300 - y. Suppose 3*r + 124 = 2*z, -2*z = -6*r + r - s. Is z a composite number?
False
Suppose 0*g - 14 = -3*a + 5*g, -5*g + 38 = a. Is (-12)/(-4) - -1 - -61*a a prime number?
True
Let o = -7681 + 11442. Is o a prime number?
True
Let v(c) be the third derivative of -c**4/24 - c**3/2 - 3*c**2. Let l be v(-3). Suppose l*z + 267 = 3*z. Is z a composite number?
False
Suppose 999 = 4*c + 3723. Is c*(-9)/((-81)/(-6)) prime?
False
Let z(s) = -s**3 + 6*s**2 + 4. Let d be z(6). Suppose 0 = -a + d*v - 5, -v - 10 = -4*a - 0*v. Suppose -q + 2*k - k = -112, 0 = k - a. Is q a prime number?
False
Suppose -2155 = -5*c + 3*r, 5*c - 4*r = 8*c - 1293. Is c a prime number?
True
Let w(f) = -129*f - 577. Is w(-26) composite?
False
Suppose -20480 = -14*x + 252282. Is x a composite number?
False
Let q be 3 + -1 + (-2 - 3). Let b = q - -1. Let w(d) = 72*d**2 - 3*d - 1. Is w(b) a composite number?
False
Let q = 1631 - 412. Suppose 5*k + 389 = q. Is k a prime number?
False
Suppose -18 = -5*r + 287. Suppose -4*d + 48 = 3*y - 0*y, -5*d - 4*y + r = 0. Suppose d*l = 5*l + 344. Is l a prime number?
False
Suppose 4*j - 13463 + 2155 = 0. Is j composite?
True
Is 3*4/(-24)*-20074 composite?
False
Let r(z) = 4*z + 44. Let b be r(-10). Suppose -2*q - 15506 = -b*q. Is q a prime number?
True
Suppose 5*m - 20 = 0, -5*t + 5*m = -5720 - 11145. Is t a prime number?
False
Let w = 1604 - -575. Is w composite?
False
Suppose 2*m - 1816 = -q + 805, 0 = -4*q - 3*m + 10499. Is q prime?
False
Let w = -20 - -12. Let j be (w/10)/(8/(-3140)). Is 0/2 + 3 + j prime?
True
Is ((-168)/(-9) - -2)/((-38)/(-57)) prime?
True
Let g(x) be the second derivative of x**4/6 + 3*x**3/2 + 3*x**2/2 - 10*x. Is g(8) a composite number?
True
Suppose -f - 5*m = -2167, 32*m - 31*m = 0. Is f composite?
True
Suppose 335*x + 166639 = 346*x. Is x composite?
False
Let g = -17974 + 49151. Is g a prime number?
True
Let t(u) = u**2 + 3*u - 3. Let d be t(5). Let g = d - 25. Is 69/(4/(176/g)) composite?
True
Let z(p) = p**2 - 3*p + 2. Let l be z(3). Suppose 4*c = -2*y - 240, 2*y - 5*c = -l*y - 415. Is (12/(-20))/(2/y) composite?
True
Let y(q) = -q + 2. Let x(c) = -4*c + 8. Let a(u) = 6*x(u) - 22*y(u). Let o be a(5). Let w = o + 43. Is w a prime number?
True
Suppose -h + 2*w + 2 = 3*h, -5*h = 2*w - 7. Is h*(2 + -3) + 94 a composite number?
True
Let h = 18 - 34. Let n(x) = 5*x**2 + 20*x + 21. Let g(f) = 3*f**2. Let c(a) = -g(a) + n(a). Is c(h) a composite number?
True
Let r(c) = 3*c**2 + 9 - 15*c**2 + 5*c + 9*c**2 + 3*c**3 - 3*c. Suppose -4*s + 14 = -2. Is r(s) a composite number?
True
Suppose 0 = 28*s - 38*s + 175510. Is s a prime number?
True
Suppose 0 = -4*r + 3*r + 5*u + 25831, 2*r - 51688 = -3*u. Is r a prime number?
True
Let p be (-1)/((-3)/9) + 385. Suppose p = 3*y - 185. Is y prime?
True
Suppose 3*q - 6*q - 4*z = -1315, -2201 = -5*q - 2*z. Let o = 1039 - q. Let b = 37 + o. Is b prime?
False
Let b(j) = -j**3 + 10*j**2 + 12 - 32*j + 32*j. Let q be b(10). Suppose 17*k - q*k - 1465 = 0. Is k a composite number?
False
Let l(b) = 510*b. Let u be l(2). Suppose -y + 3 = -2, -4*y + u = 5*a. Let r = a + 107. Is r a prime number?
True
Let z = 2341 + -4261. Let i = 937 - z. Is i a composite number?
False
Suppose -10*m = -223995 - 147175. Is m a prime number?
True
Let n(y) = -7*y + 2 + 12*y - 3. Let l be n(1). Suppose -276 = -2*p - 5*r, 4*p - l*r = -p + 723. Is p a prime number?
False
Suppose 6*o + 20 = 2*o - 4*u, 0 = -3*u - 15. Suppose o*j - 3*j - 71 = -b, 3*b + 3*j = 165. Is b composite?
False
Suppose 0 = -0*w - w, 3*w - 55 = -5*f. Suppose -f = 5*q - 36. Suppose -9*y + 1172 = -q*y. Is y a composite number?
False
Suppose -4*a + 480 = f, 5*a - f = 3*f + 600. Suppose 0 = 4*q + g - 477, q = -0*q - g + a. Is q prime?
False
Let n = -109 + 117. Is ((-32244)/n + 1)*(-1 + -1) prime?
True
Let i(s) = 12*s**2 - 30*s - 103. Is i(-14) a composite number?
True
Let k(f) = -2*f**3 - 2*f**2 + 1. Let u(o) = -o**2 - 2*o - 1. Let m be u(0). Let a be k(m). Let q(y) = 129*y - 2. Is q(a) prime?
True
Suppose -6517 - 7471 = -2*n + 5*o, n - 2*o - 6995 = 0. Is n composite?
True
Let t(h) be the third derivative of -h**6/120 - h**5/4 - 3*h**4/4 - h**3/6 + 6*h**2. Is t(-14) prime?
False
Suppose w + 2*i - 73 = 0, 79 = -3*w - i + 308. Suppose -9*t + w = -2*t. Is t prime?
True
Let p = -78 + 80. Suppose 3*w + n = 669, -p*n + 669 = 3*w - 7*n. Is w prime?
True
Let z be 0/(10/5)*-1. Suppose -3*w + z*w = -1143. Is w compos